 + -76?
-79
In base 13, what is 4 + 1459?
1460
In base 8, what is 103 + -4?
77
In base 9, what is 146 + 5?
152
In base 11, what is -362a + -4?
-3633
In base 10, what is -3 - -7573?
7570
In base 8, what is 3620 - -3?
3623
In base 5, what is 240 - -31?
321
In base 12, what is 1 + -25b?
-25a
In base 5, what is -31142 + -4?
-31201
In base 7, what is 10 - -56?
66
In base 5, what is -302 + -10?
-312
In base 5, what is 1001 - -124?
1130
In base 5, what is 2103 + 3?
2111
In base 14, what is -b + 11?
4
In base 12, what is 19 + -3?
16
In base 8, what is 227 - -3?
232
In base 15, what is -35 - -c?
-28
In base 3, what is -1112200 + 2?
-1112121
In base 8, what is 4 + -1047?
-1043
In base 11, what is -3 - 48?
-50
In base 2, what is 11000110 - 101?
11000001
In base 6, what is -1131 + 4?
-1123
In base 13, what is -1a + -2?
-1c
In base 3, what is 10 + 100200111?
100200121
In base 7, what is 2 + 41?
43
In base 10, what is 133 + 13?
146
In base 8, what is 5651 - 3?
5646
In base 8, what is 4133 + -2?
4131
In base 14, what is -4 + 653?
64d
In base 6, what is -14 + -13?
-31
In base 4, what is -10 + 10321?
10311
In base 10, what is 129 - -75?
204
In base 4, what is 3 - 30301?
-30232
In base 9, what is 0 + 6544?
6544
In base 15, what is 33 + -3?
30
In base 6, what is 1415 - 13?
1402
In base 15, what is 67 - -3e?
a6
In base 2, what is -11111100 + 100?
-11111000
In base 13, what is -12a + 7?
-123
In base 6, what is -23 + 543?
520
In base 16, what is 3 - -1f?
22
In base 8, what is -271 + -37?
-330
In base 13, what is -151 + -3?
-154
In base 2, what is 111 - -1010110?
1011101
In base 9, what is -74 - -156?
72
In base 15, what is 19 - 66?
-4c
In base 4, what is -3 - 233032?
-233101
In base 4, what is 3 + -123?
-120
In base 4, what is 230 - 0?
230
In base 2, what is 11 - 100000111011?
-100000111000
In base 11, what is -7 - 36?
-42
In base 3, what is 112110 + 0?
112110
In base 8, what is 5 + -46?
-41
In base 9, what is -5 + -3325?
-3331
In base 16, what is -6 - -f?
9
In base 10, what is 0 + 134?
134
In base 8, what is -35237 + -2?
-35241
In base 11, what is -86 - 2?
-88
In base 16, what is cb + -5?
c6
In base 12, what is 72 + 24?
96
In base 11, what is -5 + 30?
26
In base 15, what is 6a - -cb?
146
In base 15, what is 8ed2 - 0?
8ed2
In base 9, what is -401 - -3?
-387
In base 7, what is -5 - 2615?
-2623
In base 4, what is -112 + -112?
-230
In base 12, what is 512 - 2?
510
In base 8, what is 35 - 266?
-231
In base 5, what is 1302434 - -3?
1302442
In base 15, what is 4 - 3bd?
-3b9
In base 2, what is 1110 + 10101101?
10111011
In base 14, what is 6 - -30?
36
In base 9, what is -627 + -21?
-648
In base 8, what is 52 + 2?
54
In base 11, what is -8 - 93a?
-947
In base 10, what is 1 - -41?
42
In base 5, what is 1042 - -2?
1044
In base 2, what is -10000100 - -1?
-10000011
In base 7, what is -3 - 66?
-102
In base 5, what is 1 - 104?
-103
In base 12, what is 2 - 52?
-50
In base 6, what is 31 - -24?
55
In base 2, what is -10010 - -111110001?
111011111
In base 16, what is 0 - 36?
-36
In base 12, what is -3 - 85?
-88
In base 8, what is 6771 + 5?
6776
In base 14, what is 135 - -3?
138
In base 16, what is cc - -14?
e0
In base 7, what is -10505 + -1?
-10506
In base 2, what is 100 + -1111?
-1011
In base 13, what is -82 - 5?
-87
In base 16, what is -dc + -4?
-e0
In base 12, what is -305 - -6?
-2bb
In base 11, what is -15 - -95?
80
In base 6, what is -120 - 1334?
-1454
In base 11, what is -5 + -75?
-7a
In base 4, what is -1223 + -20?
-1303
In base 15, what is 19 + 57?
71
In base 9, what is 3 - 167?
-164
In base 5, what is -112404 + 1?
-112403
In base 6, what is 432 + 2?
434
In base 4, what is -100 + 3110?
3010
In base 6, what is 2013 + 3?
2020
In base 10, what is 57 - -5?
62
In base 6, what is 113 + -404?
-251
In base 12, what is 0 - -203?
203
In base 13, what is 7 - -58a?
594
In base 6, what is -3 - 1431?
-1434
In base 14, what is 1 - -2?
3
In base 15, what is -5c9 + 2?
-5c7
In base 7, what is 124455 + -5?
124450
In base 12, what is -8 - 14?
-20
In base 11, what is 0 + -55?
-55
In base 6, what is 10 - -214?
224
In base 8, what is 10 - -3?
13
In base 2, what is -1101110101 - 101?
-1101111010
In base 2, what is -110 - 100011011?
-100100001
In base 13, what is -3 + 49?
46
In base 12, what is -1b994 + 0?
-1b994
In base 4, what is -3 + 1130?
1121
In base 9, what is -6 - 20?
-26
In base 9, what is 1556 - 10?
1546
In base 9, what is 83 + -67?
15
In base 11, what is 278 + 5?
282
In base 13, what is 552 - 8?
547
In base 12, what is -1b8a - 5?
-1b93
In base 14, what is 0 - -c2?
c2
In base 7, what is 4 - 3206?
-3202
In base 15, what is -11 - 2a?
-3b
In base 13, what is -1 - 14?
-15
In base 8, what is -64 - -3?
-61
In base 4, what is -1003 - -1210?
201
In base 9, what is 1 - 30?
-28
In base 5, what is -4 - -112?
103
In base 15, what is 103 + -4?
ee
In base 12, what is 2 + 19?
1b
In base 2, what is -10010110 - -10001?
-10000101
In base 15, what is -1 - 10e?
-110
In base 5, what is -133332 + 3?
-133324
In base 10, what is 4 + -230?
-226
In base 16, what is 3c - 3?
39
In base 14, what is 15 - -9?
20
In base 7, what is -1 - -4540?
4536
In base 3, what is 21 + -1221?
-1200
In base 9, what is -168 - -16?
-152
In base 13, what is -27c + 6?
-276
In base 12, what is -38 - -82?
46
In base 13, what is 186 + -10?
176
In base 2, what is -10101 - -100100?
1111
In base 11, what is 0 - -34?
34
In base 15, what is -2 + 163?
161
In base 9, what is -557 - -7?
-550
In base 3, what is -2 - -111?
102
In base 9, what is -3 + -43?
-46
In base 6, what is -250 - 442?
-1132
In base 2, what is -101 + 100101?
100000
In base 6, what is 52 + 52?
144
In base 2, what is -1000011 + -11010?
-1011101
In base 5, what is -133 + 3?
-130
In base 6, what is 2 + -21?
-15
In base 8, what is 4032 - 1?
4031
In base 8, what is -3152 + -3?
-3155
In base 11, what is -5 + -6a7?
-701
In base 16, what is -3 - -bd?
ba
In base 2, what is -1110110 - -10001?
-1100101
In base 15, what is 33 - 1?
32
In base 13, what is 3 - 35?
-32
In base 5, what is 33 + -10?
23
In base 7, what is -3 + 22?
16
In base 9, what is 132 - 55?
66
In base 10, what is -4 + 4?
0
In base 12, what is 13 + 83?
96
In base 2, what is -11 - 111111?
-1000010
In base 5, what is -2242 + 1?
-2241
In base 13, what is -5 - 14a?
-152
In base 15, what is 651c + 2?
651e
In base 6, what is 133 + 2044?
2221
In base 4, what is -113 - 0?
-113
In base 7, what is -2064 + 2?
-2062
In base 9, what is 2 - -12?
14
In base 3, what is 100 - 122002?
-121202
In base 13, what is 6 - 258?
-252
In base 11, what is 5 + 33?
38
In base 5, what is -1 + -123332?
-123333
In base 13, what is 4 + 79b?
7a2
In base 8, what is -4025 + 3?
-4022
In base 10, what is 47 + 16?
63
In base 5, what is -1202 + 40?
-1112
In base 5, what is -3 + -13?
-21
In base 16, what is 10 - 19?
-9
In base 5, what is -41 - 324?
-420
In base 6, what is 135 - -214?
353
In base 7, what is 3364 - 3?
3361
In base 12, what is 438 + -5?
433
In base 16, what is 1a + 150?
16a
In base 8, what is 5 + 2723?
2730
In base 3, what is 200111 + -10?
200101
In base 9, what is 213 + 6?
220
In base 13, what is -1 - 46b?
-46c
In base 9, what is 52 - -20?
72
In base 2, what is 1100001 + 1100101?
11000110
In base 9, what is 25 + -11?
14
In base 7, what is -3 - -3562?
3556
In base 14, what is 258 - 0?
258
In base 2, what is -11 + -10100110111?
-10100111010
In base 7, what is 122 - -22?
144
In base 8, what is 15 - -724?
741
In base 15, what is 15 + -b?
9
In base 15, what is -18a - -1?
-189
In base 3, what is -10 + 1201?
1121
In base 7, what is -2 + -21?
-23
In base 2, what is 1100010 - -10011?
1110101
In base 3, what is 2011 - 21?
1220
In base 9, what is -1 + -65?
-66
In base 13, what is 30 - 7?
26
In base 13, what is 50 - -2?
52
In base 4, what is -1 + -332?
-333
In base 9, what is 7 + -1488?
-1481
In base 10, what is -10 - -935?
925
In base 9, what is -16 - -6?
-10
In base 6, what is 102453 - 2?
102451
In base 9, what is -8 - -108?
100
In base 4, what is -2 - 32?
-100
In base 10, what is -9608 + -2?
-9610
In base 8, what is 5742 + 4?
5746
In base 16, what is -3 - -238?
235
In base 5, what is 2 - -2324?
2331
In base 7, what is 11452 - -4?
11456
In base 2, what is 10110100 - -10?
10110110
In base 13, what is -2 - -180?
17b
In base 13, what is 15 + -a?
8
In base 5, what is 